ded by v.
31
Let d = -18094 + 18321. Calculate the remainder when d is divided by 151.
76
Suppose -9*o = -8 - 298. Calculate the remainder when 388 is divided by o.
14
Let y(h) = 170*h**2 - 41*h + 143. What is the remainder when y(4) is divided by 159?
155
Suppose -60*c - 56*c + 333 + 827 = 0. Let k = -37 + 63. What is the remainder when k is divided by c?
6
Suppose 0 = 124*b - 135*b + 1573. Calculate the remainder when 2573 is divided by b.
142
Suppose 16*a = -5*a + 450 + 474. What is the remainder when 1846 is divided by a?
42
Let q be (-54)/(-18) - (0 + -250). Suppose -2*d = -2, -5*o - q = 5*d - 653. What is the remainder when o is divided by 10?
9
Suppose 0 = -s + 3*u + 28, 10*s + 64 = 13*s - 4*u. Calculate the remainder when (-113)/(-3) + (-3)/(-9) is divided by s.
6
Suppose -3*t = -7*t + 4*p + 20, 0 = -3*p + 15. Let x = -269 - -297. What is the remainder when x is divided by t?
8
Let t = 294348 + -294336. Calculate the remainder when (-569)/(-7) + 2/(-7) is divided by t.
9
Let v(a) = 4*a + 0 + 5 - a**2 + 7 - 8. Let n be v(4). Suppose 424 = n*s - 268. Calculate the remainder when s is divided by 22.
19
Suppose -7*r + 296*y + 1730 = 291*y, -3*y + 726 = 3*r. What is the remainder when r is divided by 82?
81
Suppose -w + 30 = -4. What is the remainder when w is divided by 37035/(-4938)*52/(-15)?
8
Let g(x) = 6*x**2 - 4*x + 2. Suppose 0 = -5*j - 49 + 59. Calculate the remainder when 89 is divided by g(j).
17
Let l(o) = o**3 - 31*o**2 + 22*o - 114. What is the remainder when l(31) is divided by 47?
4
Suppose 3*d - 5*d - 248 = 5*z, -2*z = 4*d + 96. Let p = 126 + z. Calculate the remainder when p is divided by 39.
37
Suppose -54 = -2*j - 4*j. Suppose -5*q = -j*q + 8. Suppose 0*h + 4*h - o = 91, -q*o + 60 = 3*h. Calculate the remainder when 40 is divided by h.
18
Suppose -28*u + 43*u - 1635 = 0. Calculate the remainder when 394 is divided by u.
67
Suppose 960 = 2*u + u. Suppose -3*i - u = -8*i. Let w = 78 - i. Calculate the remainder when w is divided by 4.
2
Let x = -102 + 96. Let t(h) = 2*h**2 - 6*h - 5. Calculate the remainder when t(-4) is divided by 12/9*(x + (-252)/(-16)).
12
Let f = -2879 + 2893. Let g(l) = 10*l + 1. Let v(c) = c**2 - 5*c - 2. Let o be v(6). What is the remainder when g(o) is divided by f?
13
Let g(f) = -f - 4 + 0 - 4 + 12. Let d = -13 + 11. What is the remainder when 10 is divided by g(d)?
4
Let y be (1 - -81) + 0 - -2. Suppose -y = -6*f + 12. Let n = -71 - -131. What is the remainder when n is divided by f?
12
Let o = 6519 - 6501. What is the remainder when 2375 is divided by o?
17
Let p(f) = -f**3 - 9*f**2 - 28*f + 43. Calculate the remainder when p(-12) is divided by 14.
13
Let w(c) = c + 8. Let u be w(4). Let k(x) = 2*x - 24. Let y be k(u). What is the remainder when (2 - 4)*(y - 31) is divided by 22?
18
Let d = -15 + 17. Let q be (10/(-4))/((-1)/d). Suppose -q = b - 20. What is the remainder when b is divided by 5?
0
Let x = 32 + -27. Suppose -36 - 609 = -x*b. Calculate the remainder when b is divided by 13.
12
Let p = -177 - -367. Let x = 203 - p. Let k = -71 + 119. What is the remainder when k is divided by x?
9
Let o(i) = -470*i + 2422. What is the remainder when 6983 is divided by o(5)?
71
Let j = 7617 + -7430. Let o(h) = -h**2 + h + 21. Calculate the remainder when j is divided by o(0).
19
Let b(y) = -8*y**3 - y + 1. Let q = -507 + 522. What is the remainder when b(-2) is divided by q?
7
Suppose -5*q + 2*q = -96. Calculate the remainder when (6 + -5)/(13/975) is divided by q.
11
Let x = 2163 - 1850. What is the remainder when x is divided by 51?
7
Suppose 4*s - 324 = -25*i + 22*i, 0 = s + 4*i - 94. Calculate the remainder when s is divided by 17.
10
Suppose -6*i + 9 = -87. Calculate the remainder when 77 is divided by i/((-112)/(-21)) + 2*2.
0
Let f = 525 - 304. Suppose -5*g - 5*b + 195 = 0, 207 = -595*g + 600*g + 3*b. What is the remainder when f is divided by g?
41
Suppose -116 + 328 = 6*r - 340. Calculate the remainder when 376 is divided by r.
8
Let x be 1/(-3)*(5 + -5). Suppose -3*l + 7*l - 12 = x. Suppose -4*n + 164 = -2*g + 4*g, -2*g + 122 = l*n. Calculate the remainder when n is divided by 22.
20
Let n(b) = b + 24. Suppose 5*h = -4*y - 41, -5*h - 11 = -2*y + 6. What is the remainder when 37 is divided by n(y)?
17
Let w(d) = -8*d**2 + 6*d - 9 + 12*d**2 - 3*d**2 + 11. Let l be (-3)/(-6)*(-14)/1. Calculate the remainder when w(l) is divided by 3.
0
Suppose 3*z - 29 = 2*t - 9, -5*z - 2*t + 28 = 0. What is the remainder when 658 is divided by (z - 0) + 0 + 5?
9
Suppose -9180 = -4*o + 2*j, 12*o + 6888 = 15*o - 2*j. Calculate the remainder when o is divided by 135.
132
Suppose -3*m = -9*m + 12. Suppose -2*x = t - 27 + 2, -58 = -5*x + m*t. Suppose -x*a = -6*a - 558. What is the remainder when a is divided by 24?
21
Let r(d) = -48*d - 115. What is the remainder when 368 is divided by r(-5)?
118
Let n(p) = -4*p**3 - 17*p - 18. What is the remainder when 2031 is divided by n(-1)?
0
Suppose -8*f = -f + 63. Let t(k) = -k**3 - 8*k**2 + 7*k + 8. Calculate the remainder when t(f) is divided by 21.
5
Let o(l) = 5*l**2 - 16*l - 1. Let h = -734 - -804. What is the remainder when o(10) is divided by h?
59
What is the remainder when 28/77 - 10808/(-44) is divided by 10?
6
Suppose -4*d = -21 + 1. Suppose -3*u + 45 = 5*y, -d*u + 4*y + 32 + 43 = 0. Suppose -k = -3*f + u + 7, 6 = f - k. What is the remainder when 35 is divided by f?
3
Let t = -739 - -744. Suppose 0 = f - 0*s - 4*s - 68, 0 = -5*f - t*s + 290. Calculate the remainder when 419 is divided by f.
59
Let p(g) = -5*g**3 + 4*g**2 - 36*g - 89. Calculate the remainder when 2183 is divided by p(-2).
38
What is the remainder when 526 is divided by ((-400)/24 - 10)*96/(-20)?
14
What is the remainder when 1190 is divided by 45/3 - (-20 + 7)?
14
Let y(j) = 1 + 163*j**2 - 30*j + 20*j + 12*j. Let v be y(-1). Let f = v - 108. Calculate the remainder when f is divided by 28.
26
Let l = -18503 - -18587. Let v = -39 + 83. Calculate the remainder when l is divided by v.
40
Let q(k) = -2*k**2 - 2*k - 37. Let n be q(-7). Let i = n - -122. What is the remainder when 12 is divided by 135/20 - (-3)/(i + 11)?
5
Suppose -276027 = -60*q - 70107. Suppose 21*o - 13*o - q = 0. What is the remainder when o is divided by 31?
26
Suppose 14*v + 14*v = -27*v + 192060. Calculate the remainder when v is divided by 498.
6
Let d(w) = 295*w - 1763. Suppose 4*o = -3*z + 39, 2 - 22 = -z + o. Calculate the remainder when z/3*(4 - 1) is divided by d(6).
3
Calculate the remainder when 2859 is divided by (-3264)/(-34272) + 0 + (-3169)/(-21).
141
Let d be (-1)/(-3 - -2) - (-1 - 0). Calculate the remainder when 13 is divided by -10*1*(15/(-6) + d).
3
Suppose 5*a - 318 = 152. Suppose 4*j - 66 = -4*i + j, 0 = 4*i - 4*j - 136. What is the remainder when a is divided by i?
22
What is the remainder when ((-303)/(-2))/((-90)/(-60)) is divided by 8?
5
Let c(q) = 2*q**2 + 11*q**3 - 4*q + 6*q**2 + 6 + 3*q**3 - 10*q**2. What is the remainder when c(2) is divided by 30?
12
Let k = 11820 + -11809. What is the remainder when 4144 is divided by k?
8
Suppose w = -283 + 350. What is the remainder when 212 is divided by w?
11
Let m(v) = 2*v**3 + 53*v**2 - 28*v + 12. Suppose -z - 2*z + 1986 = 0. What is the remainder when z is divided by m(-27)?
38
Let o(l) = -l**3 - 4*l**2 - 2*l - 4. Suppose 3459 = -11*b + 544. Let k = b + 296. What is the remainder when o(-6) is divided by k?
18
Suppose -2*v + 3*z + 291 = 0, 5*v + 107*z - 734 = 108*z. Calculate the remainder when 1646 is divided by v.
29
Let l = 11673 + -7437. Calculate the remainder when l is divided by 13.
11
Let q be 4/8 - (-3)/2. Suppose 0*z - 23 = -a + 4*z, -5*a + 5 = q*z. Let v(x) = -8*x**2 + 82*x - 18. What is the remainder when a is divided by v(10)?
1
Suppose -131 = -3*o - 122. Suppose 3*p - o = 0, 7*p - 4*p - 12 = -3*c. What is the remainder when 24 is divided by c?
0
Let g(h) = 80*h + 1271. What is the remainder when g(19) is divided by 281?
262
Let r be 118 + (-6 + 3)/(-3 - -2). Suppose -2*d = -j + 35, -11*d = -3*j - 9*d + r. Suppose -c - 55 = -6*c. What is the remainder when j is divided by c?
10
Suppose -526 = -126*s + 5018. What is the remainder when 80 is divided by s?
36
Let r(g) = 6*g - 32. Let l(b) = b**2 + 36*b + 228. Calculate the remainder when r(13) i